et b be q(-1). Is 3/(9/12) + b a prime number?
True
Let z(b) = -b**3 + b + 1. Let j(m) = -m**3 - m + 1. Let v(q) = j(q) - 2*z(q). Let i be v(7). Let x = 454 - i. Is x prime?
False
Let s = -15 - -18. Let n be ((-3)/2)/(3/(-24)). Suppose 0 = -b + 3*t - 3, -s*t = -3*b - 3 + n. Is b composite?
True
Suppose 46*h + 1608964 = 74*h. Is h a composite number?
True
Let l = 1082 + 220. Suppose 6*c + 40 = 4. Is 4/c*l/(-4) composite?
True
Suppose 3*g - 18 = 2*g. Let q be g/4*(-8)/12. Is 17/((-1)/15*q) a composite number?
True
Let a be -1 + 2 - 0 - 1. Let k(g) = -g + 3. Let q be k(a). Suppose 732 = p + q*p. Is p prime?
False
Let c(b) = 80*b - 15. Suppose 2*a + 3*a = 4*l - 23, -37 = -l - 5*a. Let y be c(l). Let h = y + -498. Is h prime?
False
Let b be 7 - -6*3/6. Suppose -b + 164 = 2*z. Is z prime?
False
Suppose 0 - 8 = -4*q. Suppose -3*b + 7*b + 2*r - 16 = 0, -3*r = -2*b + 24. Suppose b*p - 3*p - 369 = q*w, 3*p - 4*w - 375 = 0. Is p a prime number?
False
Let j(d) = 34374*d**3 - 3*d**2 + 15*d - 13. Is j(1) a composite number?
True
Let p be (-1 + 7)*6/12. Suppose -p*o + 4*o = 789. Is o composite?
True
Suppose -31*q = -20*q - 164681. Is q a composite number?
True
Suppose -5*v - 131 + 4676 = -2*d, 0 = 4*d + 20. Is v prime?
True
Let n(j) = -1566*j - 629. Is n(-12) a prime number?
False
Suppose 5*b + 28 = j, -3*b + 2*j = 3*j + 20. Let l be b/(3 + -1) - -427. Suppose 5*m = 1059 - l. Is m a composite number?
False
Suppose 3*f + 20 = 35. Suppose f*w + 3034 = n, 0 = 2*n - 11*w + 6*w - 6053. Is n a composite number?
False
Let n = -58 - -63. Suppose -8*z + 1158 = 4*t - 6*z, -n*t - z + 1440 = 0. Is t a prime number?
False
Let p = -67 - -25. Suppose 4 + 1 = -m. Let b = m - p. Is b a composite number?
False
Let l = 1926 + -1356. Suppose 2*z + 3*z + l = 5*a, 0 = 3*z + 3. Is a composite?
False
Suppose -m - 3*m - 3*n = -41, -4*n + 4 = -m. Let p(b) = b**3 - 7*b**2 - 8*b + 10. Is p(m) prime?
False
Suppose 15 = 5*t, 5*l = 2*t + t + 11. Suppose 0*v = 5*n + 2*v - 4, n + 2*v + l = 0. Suppose -4*z + 5*s = -n*z - 304, z - 3*s - 151 = 0. Is z a composite number?
False
Let h be 1998/4 + (0 - (-6)/(-12)). Is h + 0 - (6 - 10) composite?
False
Let x = 12 + -8. Suppose -o - 166 = i + 53, i - x*o + 194 = 0. Is (-15)/(-3) - 2 - i composite?
True
Let t be 9/((-36)/16) + 13. Let d(h) be the first derivative of 5*h**2/2 + 6*h - 2. Is d(t) prime?
False
Let q(k) be the second derivative of 59*k**7/420 + k**6/180 - k**4/24 + 2*k**3/3 - 4*k. Let g(y) be the second derivative of q(y). Is g(1) a prime number?
False
Suppose -22 + 6 = -2*v. Is (-3 + -1)*(-1270)/v a prime number?
False
Let b(d) = -d + 5. Let u(k) = -k**2 + 7*k + 1. Let q be u(6). Let a be b(q). Is ((-134)/(-8))/(a/(-40)) a prime number?
False
Let j = -7607 - -12381. Suppose -5*s - 886 = j. Let b = 2019 + s. Is b a composite number?
False
Let p(f) = 2*f - 7. Let y be p(8). Let n be 1041 + (4 - y/3). Suppose -9*z - n = -11*z. Is z prime?
True
Let l(t) be the third derivative of -t**5/60 + 3*t**4/8 - 5*t**3/6 - 2*t**2. Let g be l(8). Suppose a = 3*h + 142, -3*a = a + g*h - 493. Is a prime?
True
Let w = 0 + 6. Suppose -2*u + 5*u - 37 = -5*c, 2*c - w = u. Suppose 0 = u*b - 718 - 670. Is b a prime number?
True
Suppose 0 = 35*z - 563309 - 37256. Is z a prime number?
True
Suppose 5*v - 2*v - p - 18 = 0, v + p = 2. Suppose -7*h = -12*h + 10. Suppose 0 = -v*j + 2*i + 69, 3*j + 3*i = h + 52. Is j composite?
True
Suppose 4*a - 573 - 183 = 0. Let t = a + 345. Is t/(3/(-3) - -3) prime?
False
Let w(g) = -2*g**3 - g. Let q be w(-2). Suppose -16*p = -q*p + 430. Is p a composite number?
True
Let h(g) = -g**3 - 33*g**2 - 22*g + 174. Is h(-34) prime?
False
Suppose 23*p + 88757 = 40*p. Is p prime?
False
Let m be -3 + (10 - 3) - 19614/(-2). Suppose m = 5*o - 4284. Is o prime?
True
Suppose 5*n - 6*n - 2*b = -3010, -5*n = -b - 15006. Suppose 4*r + n = 20998. Is r prime?
False
Let z = 33 + -33. Suppose -24*r + 8*r + 17104 = z. Is r a prime number?
True
Let z(h) = h**2 - 11*h + 4. Let u be z(11). Suppose 16666 = k + u*k - 3*q, 0 = -4*k - q + 13343. Suppose 6*m - m = k. Is m prime?
False
Is 9/(-30) + -2*1080999/(-60) composite?
True
Let p = -20 - -123. Let i = 214 - p. Is i a composite number?
True
Let w(s) = s**3 - 2*s**2 - 24*s + 527. Is w(25) a prime number?
False
Suppose 60 = 3*k + 3*k. Let g = k + -7. Suppose 2*o - 254 = -g*s, 6*o - 508 = 2*o - 2*s. Is o a composite number?
False
Let t(l) = -8*l - 5. Suppose -4 = -2*i + 2. Suppose i*b + b - 2*y + 34 = 0, 3*b + 20 = -4*y. Is t(b) prime?
True
Let f = 43 + 31. Suppose 0 = 77*k - f*k - 4911. Is k a composite number?
False
Let j = 15 - 15. Suppose j*c - 175 = 5*c. Is (c + -3)*21/(-6) a composite number?
True
Suppose d - 23 = -5*x - 3*d, -3*d = -3*x + 3. Suppose -36 = -x*z + 381. Is z composite?
False
Let l(r) = -10*r - 68. Let m(w) = 3*w + 23. Let z(q) = 4*l(q) + 11*m(q). Is z(-8) a composite number?
False
Suppose -6*t = 5*m - 4*t + 3400, 0 = -4*m - 2*t - 2722. Let i = 315 - m. Is i a prime number?
False
Let m(r) = -7*r**3 - r**2 - 4*r - 1. Let n be 6/(-12) - (-5)/(-2). Is m(n) a composite number?
False
Let g(w) = 2*w**2 + 14*w + 33. Let d be g(13). Let m = d + 70. Is m prime?
False
Let n(p) = p**2 - 2*p + 2153. Let q be -1 - (5 + -3)/(-2). Is n(q) a composite number?
False
Let t(q) = -2921*q**3 + 3*q**2 + 6*q + 3. Is t(-1) composite?
True
Suppose 5*y + 4*s = 18981, -4*y - 4*s + 3*s + 15176 = 0. Is y a composite number?
False
Suppose 3*o - 2*o - 12376 = -4*r, 0 = 5*r - o - 15479. Suppose -22651 = -6*d + r. Is d a prime number?
False
Let s be 1/(-1 - 12/(-9)). Suppose 12 = 4*i - s*b, 3*b + 16 = -3*i - b. Is (i - -25) + 2 + -5 a composite number?
True
Suppose 0 = -53*c + 41*c + 4524. Is c composite?
True
Suppose 24 = 5*t + q, 3*t + q - 20 = -t. Is 30/t*88/66 a composite number?
True
Suppose v + 3*a - 66 = 0, 4*v - 4*a + a - 309 = 0. Let h(w) = w**3 - 22*w**2 - 21*w - 48. Let o be h(23). Is 33795/v + o/(-5) prime?
False
Let p be 2*1*16115/22. Suppose 0 = -3*n - 3*u + 1267 + 206, p = 3*n + u. Is n composite?
False
Let x = -26812 - -38759. Is x a composite number?
True
Suppose -3*b + 8*b = 105. Suppose 0 = -4*i + 29 - b. Suppose i*n = 4*s + 1446, 537 = n + 2*s - 174. Is n a composite number?
True
Suppose -2*l + 52615 + 87807 = 0. Is l prime?
False
Let s = 5019 - 641. Let n = -2993 + s. Is n composite?
True
Let u(d) = -d**3 - 4*d**2 + 40*d + 543. Is u(-20) a prime number?
True
Let u = -71 - -83. Is 34797/u - 21/28 prime?
False
Let k be (-6165)/(-12) - (-4)/16. Suppose -4*d = -6*d + k. Is d a prime number?
True
Let q(h) = h**2 + 2*h. Let j be q(-2). Is 389 + (3 + 16/(-6))*j a composite number?
False
Let i = -9537 + 5883. Let d = 5156 + i. Is d a prime number?
False
Suppose c + 6 = -2*c. Is ((-541)/c)/((-2)/(-4)) composite?
False
Let r(z) = -4*z**2 + 35*z - 22. Let w be r(8). Suppose -x + 2*a + 2*a = -184, -a - 825 = -5*x. Suppose x + 6 = w*p. Is p composite?
True
Suppose -3*f + 51038 = 2*d - 71729, 184125 = 3*d - 4*f. Is d a prime number?
True
Suppose 26*h - 28*h + 1984 = 0. Let z = 2679 - h. Is z a prime number?
False
Suppose 5163 = -1367*x + 1370*x. Is x composite?
False
Suppose 3*p + 2 + 87 = -4*r, 3*p - 118 = 5*r. Let k = -20 - r. Suppose -251 = -k*l + 2*l. Is l prime?
True
Let a = 449 - 311. Suppose 12*s = 9*s + a. Is s a prime number?
False
Let h be 570/2 + (-9)/9. Suppose 2*a + 5*i - 1020 = -h, -12 = -3*i. Is a a composite number?
True
Let m = 4028 + -1989. Is m composite?
False
Suppose -7*g + 19 = -37. Let m = g - -281. Is m prime?
False
Let d = -347 + 3838. Is d prime?
True
Suppose 0 = -3*l + 957 + 180. Is l a prime number?
True
Suppose q - 3 = 5*q + 5*v, 0 = -5*v - 15. Suppose q*w - 2 = -n - 8, -5*n = -w - 18. Let j = 146 + n. Is j a composite number?
False
Suppose -2*v = -b + 1576 + 471, 0 = -2*v. Is b a composite number?
True
Suppose -r + 76 + 46 = 0. Suppose -1406 = -8*v + r. Is v a prime number?
True
Let a(r) = 40*r - 14. Let h be a(10). Let d = h - 174. Suppose -5*q = -q - d. Is q a composite number?
False
Let p = -68 + 81. Is (p + 2/2)/(4/226) prime?
False
Let u = 21 + -21. Suppose u = -5*l + 7*l + 388. Let q = l + 325. Is q prime?
True
Is (-16344)/(-14) + (-1)/(-14)*-6 composite?
True
Let a = -115 - -852. Is a prime?
False
Suppose 44 = 4*i + x, i - 4*i - 5*x = -50. Is 2514*5/i*1/3 composite?
False
